-2*n - t + 10, 4*n + 5*t - 23 + 3 = 0. Let q(o) = 2*o - 8. Determine q(n).
2
Let y(b) = -b**3 + 2*b + 4. Let i be y(2). Let d be (-1 + i)/((-14)/(-8) + -2). Let f(h) = 3*h - 4 + 4 + 1 - 5*h**2 + h**3. Determine f(d).
-3
Let a(n) = 10*n - 2. Let m(f) = 21*f - 3. Let o(w) = 5*a(w) - 3*m(w). Let c = -295 + 294. What is o(c)?
12
Let v be ((-1)/(-3))/((-5)/75). Let r = 2 - 0. Let o(g) = -g**3 + 0 - 4 + 0*g**2 + 0 - 7*g - 6*g**r. Calculate o(v).
6
Let q(z) = 3*z**3 - 6*z**2 - 6*z - 14. Let h(x) = -x**3 + x + 1. Let o(a) = -2*h(a) - q(a). What is o(7)?
-9
Let b(i) = i**2 + 7*i - 1. Let q(k) = -10*k**3 + 5*k**2 - k - 1. Let c be q(1). Calculate b(c).
-1
Let v be (3/(-6))/(2/(-8)). Let i(j) = -2*j**3 + j**3 + 33*j - 61*j + 2 + 26*j + 6*j**v. Give i(6).
-10
Let x(j) = -7*j**2 - 2*j + 2. Let u(o) = 3*o**2 + o - 1. Let r = 0 - -2. Suppose -r*i - 12 = 3*g, -5*g + 3*i = 4 - 3. Let n(b) = g*x(b) - 5*u(b). Give n(3).
-11
Let p(q) be the first derivative of -3*q**2 - 4*q - 412. Give p(2).
-16
Let z(r) be the third derivative of -r**6/120 - 7*r**5/60 - 3*r**4/8 - 3*r**3/2 + 80*r**2. Determine z(-6).
9
Let q(n) be the third derivative of -n**4/12 + 4*n**3/3 - 2*n**2. Give q(3).
2
Let f(i) = 47*i + 92. Let s be f(-2). Let h(t) = t**3 + t**2 - 2*t - 1. Determine h(s).
-1
Let w(h) = -h**2 - 11*h - 4. Suppose 0*k = -4*q + 2*k - 26, q = -3*k - 17. Calculate w(q).
20
Let x(y) = 9*y + 14. Let o(r) = r + 7. Let q(b) = -3*o(b) + x(b). What is q(11)?
59
Let h(k) be the third derivative of 0 + 0*k - 4*k**2 - 1/60*k**5 - 1/2*k**3 + 1/6*k**4. Determine h(3).
0
Suppose 0 = 5*c - 13 - 2. Let y(x) be the first derivative of 4*x - 7 - 1/3*x**3 + 3/2*x**2. What is y(c)?
4
Let b(p) = 2 - 3 - 49*p**2 + 3*p + 4 + 52*p**2. Give b(-3).
21
Let h(n) = 27 - 21 + 8*n + 24*n**2 - 25*n**2. What is h(10)?
-14
Let f(o) = -o**3 - 5*o**2 + 6*o + 2. Let p be f(-6). Suppose 5 = -t + p*t. Let x(u) = -u**2 + 3*u**2 + 3*u - 3*u**2 + t. Calculate x(4).
1
Let y(s) = 3 - 8 + 4*s - 3*s. Let o be y(18). Suppose -2*r = 3*i - 1, 4*i + 9*r = 4*r + o. Let f(z) = z - 2. Determine f(i).
-5
Let j(r) = -10*r - 1. Let z be (-3)/(-1) + -3 + (-4)/(-2). Give j(z).
-21
Let n be (-136)/14 - 12/42. Let l(g) = g - 4. Calculate l(n).
-14
Let t(h) = -h**2 + 10*h - 3. Suppose -50 = -9*u + 40. Calculate t(u).
-3
Suppose 22 = 3*d - 2*p, -4*p - 40 = -5*d + p. Let n be (-3)/(-2)*d/(-9). Let o be n/(-2) - 39/6. Let l(y) = -y**2 - 7*y - 9. Determine l(o).
-3
Let a(h) be the third derivative of h**6/120 + h**5/20 - 5*h**4/24 + h**3/6 - 90*h**2. Calculate a(-4).
5
Let a be (1/(-3))/((-9)/(-27)). Let u = 128 + -73. Let k(z) = -27 - 28 + u + z. What is k(a)?
-1
Let l(x) = -x**2 + 9*x - 12. Let z be l(6). Suppose -2*m + 0 = -z. Suppose m*j - 4 - 2 = 0. Let k(a) = a**2 - 2*a - 2. Calculate k(j).
-2
Let r(m) = -m + 4. Let u(y) = y**3 - 7*y**2 - 7*y - 5. Suppose 4*o + 4 = 0, -2*o - 3*o = -j + 13. Let n be u(j). Give r(n).
1
Let s be 3 + (-18 - -2) - -2. Let n = s + 12. Let y(p) = n - p - 1. Give y(-3).
3
Let t(r) be the second derivative of 0 + 1/6*r**4 - 1/2*r**2 + 0*r**3 - 2/5*r**5 - 17*r. Let j = -2 + 3. Calculate t(j).
-7
Let c(y) = y**3 - 10*y**2 - 13*y + 13. Let h(n) = -n + 44. Let a be h(-6). Let j = a - 39. What is c(j)?
-9
Let t = -1006 + 60361/60. Let d(m) be the third derivative of t*m**5 + 0 + m**2 + 0*m + 1/3*m**3 - 5/24*m**4. Determine d(2).
-4
Let c be 0*((-4)/(-2) + -1). Suppose -5*x + 2*p + 16 = 0, -7 = -x + 4*p + 7. Let f(q) = -q**x + 9*q - 6 + 0*q - 10*q. Give f(c).
-6
Let c(u) = -7*u - 20. Let o be c(-3). Let d(m) = -4*m - 12 + 8 + o + 2. Determine d(-2).
7
Let g(c) = -166*c - 1326. Let d be g(-8). Let o(y) = 2*y**2 + y + 2 - y. Determine o(d).
10
Let k be 9/(-2) - 12/8. Let j(x) = 6*x**2 - 3*x - 38346 - 4*x**3 + 5*x**3 + 38340. Determine j(k).
12
Let n = -36 - -31. Let h(q) = 7*q + 7. Let a(y) = -y. Let x be 1*6*2/3. Let k(d) = x*a(d) + h(d). Calculate k(n).
-8
Let y(n) = n**2 + 5*n - 43. Let b be y(-10). Let f(q) = 3 - 6*q**2 - 7*q + 0*q**3 + q**3 - 1. What is f(b)?
2
Let d = 4 + -16. Let h be (9/(-4))/(d/32). Let n(k) = 12*k**2 + k**3 - 9*k**2 + 1 + h*k + 3*k**2. Calculate n(-5).
-4
Suppose -4*u - 5*o = 15, -5*o = -2*u - 2*u + 15. Let f(z) = 2 - z**2 + u - z - 6. Give f(0).
-4
Let g(s) be the third derivative of -s**5/60 - 5*s**3/2 - 2*s**2. Suppose -6*h - h = 4*h. Determine g(h).
-15
Let t(h) = 8 + 34*h + 49*h - h**2 - 92*h. What is t(-9)?
8
Let b(v) = -3*v**2 + 4*v**3 + v + 13*v**3 + 9*v**2 - 9 + 2*v**2 - 18*v**3. Determine b(7).
47
Let n = 9 + -9. Let z(w) = -8*w + 9*w - 2 + n*w + 2*w. What is z(-3)?
-11
Let v = 54 + -48. Let l(d) = 1 - 5*d + 9*d - v*d. Calculate l(4).
-7
Suppose 19*t = -58 - 56. Let x be (-17)/(-4) + (-2)/8. Let n(b) = x*b**3 - 3*b**3 + 7 + 7*b**2 + 8*b + 0*b. Calculate n(t).
-5
Let w(v) = -v**2 - 2*v + 136. Let f be w(11). Let z(h) = h**3 + 9*h**2 + 12*h - 13. What is z(f)?
1
Let n(k) = 3060*k - 6*k**2 + 3*k**2 - 3049*k - 3 + 0*k**2. Calculate n(4).
-7
Let y(n) = 8*n + 1. Let p(u) = -16*u - 2. Suppose 72 = 3*k - 4*l, 0*k + l - 77 = -4*k. Suppose 9*t - k = 5*t. Let j(q) = t*y(q) + 3*p(q). What is j(-1)?
7
Let k = -8 + 6. Let j(o) = 3*o - 6*o - 6*o + 8*o. Let d be j(k). Let l(v) = -4*v + 3. Give l(d).
-5
Let l(p) = -p**2 + 4. Let k(i) = -i**2 + i + 6. Let f(a) = 4*k(a) - 5*l(a). What is f(-4)?
4
Let s(r) = 5*r + 1. Let v(b) = -2*b. Let o(j) = s(j) + 2*v(j). What is o(-1)?
0
Let g(p) = -p**3 + p**2 - p - 1. Let j(k) = k**3 - 2*k**2 + k + 1. Let t(i) = -2*g(i) - 3*j(i). Let u = 22 + -35. Let w = u - -17. Give t(w).
-5
Let c be -1*(0 + 1)*-3. Suppose c*v = 4*v - 1. Let s(j) = -55*j**2 + 2*j. Let a(d) = 26*d**2 - d. Let m(q) = -13*a(q) - 6*s(q). Calculate m(v).
-7
Let t be 354/9 + 3*3/(-27). Let i(g) = 3*g - g + 33 - t. What is i(4)?
2
Let i(u) = -u**3 - 16*u**2 - 16*u - 13. Let p be i(-15). Suppose -14 = -p*f - 0*f. Let q(c) = -3*c + 10. Give q(f).
-11
Let b(n) = 5*n + 3. Let d = -210 - -214. Give b(d).
23
Suppose 0 = 3*q + 2*s - 7, -s + 8 = -0*q + 3*q. Suppose -13 = -3*r + 8. Suppose m - 6 = q*k, -3*m = -m - k - r. Let j(b) = -b**2 - 2*b + 1. Calculate j(m).
-14
Let z = -60 + 57. Let v(t) = 6*t + 2. Calculate v(z).
-16
Suppose 3*y - 4*y = 4. Let h(c) = 5*c**3 - 20*c**2 + 6*c - 2. Let w(s) = -2*s**3 + 7*s**2 - 2*s + 1. Let f(d) = 3*h(d) + 8*w(d). Determine f(y).
-6
Let l(i) = 10*i + 1. Suppose 48 = 5*s - 3*s - 4*w, 0 = -3*s + 4*w + 64. Let m be (1/(-2))/((-2)/s). Suppose 0 = -5*g + m*g - 1. What is l(g)?
-9
Let z(r) be the first derivative of -2*r**2 - 11*r + 2. Let b be z(-3). Let v(y) = 4*y - 1. Calculate v(b).
3
Let h(i) be the first derivative of -21*i**4/4 + i**2/2 - 73. What is h(-1)?
20
Let q(k) = -118*k - 119*k + 7*k**2 - 1 + 352*k - 116*k. Determine q(-1).
7
Let w(c) = -c**2 - 7*c + 9. Let r(f) = 1. Let a be (-8)/44 - 79/(-11). Suppose -a = 7*o - 0*o. Let j(i) = o*w(i) + 4*r(i). What is j(-7)?
-5
Let n = 31 + -10. Let b(l) = -2*l - 12 - 13 + n. Give b(-4).
4
Let s(x) be the first derivative of -2 - x + x**3 - 1/4*x**4 - x**2. Let w be 14/63 - (-50)/18. What is s(w)?
-7
Suppose 2*n - 8 = -0*n. Let j be (16/(-20))/((-2)/(-20)*n). Let i(z) = -z + 2*z - 4*z**3 - 2*z**2 + 1 + 3*z**3. Determine i(j).
-1
Suppose 6*q - 6*q = 4*q. Let y(z) = 12 + 2*z**2 - 2*z + z - z**2. Calculate y(q).
12
Let c(o) = -15*o + 6. Let p(a) = -3*a + 7. Let w be p(0). Let k(v) = 3 + 0 - 5 - 1 + w*v. Let s(h) = 6*c(h) + 13*k(h). Give s(-3).
-6
Let n(v) = 1. Let j(r) = 2*r - 17. Let b(y) = j(y) + 4*n(y). Calculate b(11).
9
Suppose -d + 4*w = -9 + 100, 3*w + 77 = -d. Let b = -79 - d. Let v(y) = -y**3 + 3*y**2 + 5*y. Give v(b).
4
Let g(z) = -13*z**3 + 9*z**3 - 3*z - 2*z + 8 + 25*z**2 - 3*z. Let r(w) = w**3 - 6*w**2 + 2*w - 2. Let d(t) = 2*g(t) + 9*r(t). Let m = 1 + 3. What is d(m)?
6
Let y(v) = v - 1. Let t = 1 + 7. Let c(u) = -1 + t - 4. Let s(n) = c(n) - y(n). Calculate s(6).
-2
Let x(a) be the first derivative of -a**5/120 + a**4/12 - 7*a**3/3 - 34. Let l(v) be the third derivative of x(v). What is l(-8)?
10
Let w(n) = -10*n - 7*n**2 + 3*n + 2*n**2 + 3*n**2 + 9. Let k be w(-4). Let s(g) = -g**2 + 4*g + 6. What is s(k)?
1
Let k = -1181 + 1190. Let q(a) = -a**3 + 10*a**2 - 9*a - 4. Calculate q(k).
-4
Let i(h) = -h**2 - 7*h - 3. Let x be i(-5). Let t be 0/(((-4)/(-1))/(-4)). Let o be (7 - x) + (t - 3). Let n(z) = z**3